tors of w(c).
2, 3, 5
Let j be (-59885)/(-55) + 2/11. Suppose 3*u = 4*n + j, -3*u + 0*n - 4*n = -1113. List the prime factors of u.
367
Suppose -2*p - 3*j - 4 = -13, 0 = -4*p - 3*j + 9. Suppose p = -3*x - 3*l + 156, 3*x = 2*l + l + 174. Let t = x - -18. List the prime factors of t.
73
Let w = -111 - -108. Let y be (-6 - 1) + 0 + w. List the prime factors of y/15*-27*9/2.
3
Let f(w) = -4*w**2 + 18. Let z be f(0). Let r(g) = 10*g + 62. List the prime factors of r(z).
2, 11
Let c(p) = p**3 + 3*p**2 - 3. Let f be c(-1). Let o be (1*f)/(3 + 56/(-16)). Suppose -76 = -j + 5*v, -342 = -5*j + o*v + 107. What are the prime factors of j?
7, 13
Let y = -6957 - -17648. List the prime factors of y.
10691
Let z(l) = 378 - l + 11*l + 315 + 174 + 0*l + l**3. What are the prime factors of z(0)?
3, 17
Suppose 4*q + 4 = 4. Suppose -5*d + q*z = -z - 1030, -3*d + 4*z = -635. What are the prime factors of d?
5, 41
Let c be 4*((-6)/(-1) + -1*4). Suppose -c*r + r + 35 = 0. Suppose -r*s + 1215 = -5*b, 0 = s - b - b - 244. What are the prime factors of s?
2, 11
List the prime factors of 15/(225/24)*71275*(-6)/(-15).
2, 2851
Suppose 4*l - 13536 = -2*i, 0 = -l + 11*i - 10*i + 3384. Suppose -l = -73*a + 70*a. List the prime factors of a.
2, 3, 47
Suppose 0 = -4*a + 11*a - 105. Let j(n) = -n**2 + 25*n - 41. List the prime factors of j(a).
109
Let f = -19001 - -47478. List the prime factors of f.
28477
Let x(q) = -8*q - 17 - 42*q + 2*q**2 - 31 + 59. List the prime factors of x(25).
11
Let q = -9363 + 19037. List the prime factors of q.
2, 7, 691
Let h = 15222 - 9926. List the prime factors of h.
2, 331
Let y be 107/(-15) - (232/60 + -4). Let m(s) = -3*s**3 - 7*s**2 + 26*s + 67. List the prime factors of m(y).
571
Suppose 3*v - 2*h - 33 = 3*h, 0 = v - 4*h - 4. List the prime factors of v/(-40) + 12285/25.
491
Let n(m) = 572*m**2 + 110*m - 11. What are the prime factors of n(-3)?
11, 19, 23
Let r(w) = w**3 + 16*w**2 - 12*w + 12. Let y be (-12)/16 - (-392)/(-32). List the prime factors of r(y).
3, 5
Let q(m) = 718*m**3 - 4*m**2 + 82*m - 79. List the prime factors of q(1).
3, 239
Let k(r) = 121*r**2 - 916*r - 25. List the prime factors of k(16).
5, 3259
Let h = -88 + 88. Suppose h = 2*z - 0*z. Suppose a + 39 = t + 175, z = -2*t + 6. What are the prime factors of a?
139
Let t(s) = 7*s**2 + 61*s - 144. List the prime factors of t(66).
2, 3, 17, 337
Let u(g) = -18*g - 96. Let l be u(-7). List the prime factors of 0/(-1) + l + 34.
2
Suppose 0 = 5*s + 11*x - 9*x + 1612, 644 = -2*s - x. Let l = 359 + s. What are the prime factors of l?
5, 7
Let p = -5936 - -8456. Suppose 34*k = 49*k - p. List the prime factors of k.
2, 3, 7
What are the prime factors of (-24 - (-7922)/(-51))*(-39)/2?
13, 269
Suppose 0 = 26*d - 100873 - 139471. List the prime factors of d.
2, 2311
Suppose 5*l + 13*o - 22985 = 8*o, 27566 = 6*l - 2*o. List the prime factors of l.
5, 919
Let w be 44/6*(5 - (-581)/14). List the prime factors of w/2 - (-6)/(-12).
2, 5, 17
Suppose -104*o - 2*r = -102*o - 22750, -6*o = -2*r - 68298. List the prime factors of o.
19, 599
Let t be (1 + (-5)/25)/(1/5). Suppose t*k = 7*k + 72. Let y = -11 - k. List the prime factors of y.
13
Let y(f) = -16*f**3 - 2*f**2 - 11*f + 126. List the prime factors of y(-6).
2, 3, 149
Let l be (-46)/(-10) - (-6)/(-10). Suppose l*d = -4*f + 1328, -9*d + 4*f = -5*d - 1288. List the prime factors of d.
3, 109
Let y = 23 + -21. Let v be (24/(-15))/(4/10). What are the prime factors of 5/(50/435) + y/v?
43
Suppose n + 19*n + 13240 = 0. Let m = n + 1894. What are the prime factors of m?
2, 7, 11
Let n(d) = -13*d**3 + 17*d**2 - 34*d + 6. Let u(m) = -25*m**3 + 36*m**2 - 69*m + 12. Let w(v) = -7*n(v) + 3*u(v). List the prime factors of w(4).
2, 3, 7, 23
Let b = -6935 - -11038. What are the prime factors of b?
11, 373
Let z be (-2)/8 - 33/(-4). Let f be 4/z - (-2505)/6. Suppose 2*j = -2*j - 20, 0 = -3*x - 4*j + f. List the prime factors of x.
2, 73
Suppose 96*o - 436736 = 64*o. What are the prime factors of o?
2, 853
Let a be (-104)/(-10)*1065/6 - -1. Suppose 4*g = -4*c + a - 643, 923 = 3*g - c. List the prime factors of g.
2, 3, 17
Let t = -4 + 49. Suppose n - t = -2*i, -2*n = 2*n + 12. What are the prime factors of i?
2, 3
Let p be (-40)/(-8) - (3 + -1). Suppose p*j = -3*j + 498. Let c = 174 - j. List the prime factors of c.
7, 13
Let g be ((-8)/5)/(4/(-15)). Let h(f) = 40*f - 37. What are the prime factors of h(g)?
7, 29
Let v be 4/2 + (5 - 3). Let n(u) = -u - 16. Let w be n(-19). Suppose -4*a = 4*x - 28, w*x + 31 = v*a + 4*x. What are the prime factors of a?
2
Suppose -100*u + 151*u = -285*u + 21339360. What are the prime factors of u?
2, 3, 5, 29, 73
List the prime factors of 119554/20 - (1552/160 - 10).
2, 7, 61
Let p(w) = -w**2 + 3*w + 3. Let f be p(3). Suppose 2*z - m = 4*m - 2, -z = -f*m + 3. List the prime factors of (-340)/(-30) + (-2 - (-24)/z).
2, 3
Suppose -30*n + 35*n - 1760 = 0. List the prime factors of (-8)/12 + n/6.
2, 29
Let w be 35 + 1 - (-1 + 8/8). List the prime factors of (w/(-210)*-5)/((-2)/(-336)).
2, 3
Let b = -1096 - -3133. List the prime factors of ((-34)/(-14) - -1)/(194/b).
2, 3
Suppose 2*w + 7 - 17 = 0. Suppose u - 5*h = 3*u - 876, -2*h - 2219 = -w*u. Let d = u + -249. List the prime factors of d.
2, 97
Suppose -9*d - 2*y = -14*d + 198991, -4*y - 79574 = -2*d. List the prime factors of d.
3, 13267
Suppose 101 = 9*v - 34. Let o be (v/(-10))/(2/5004). List the prime factors of (-2)/8 + o/(-36).
2, 13
Let z be 3 + 2*-326 - -5. Let h = -119 - z. List the prime factors of h.
3, 5, 7
Suppose c - 3 = -55. Suppose 3825 = -38*o + 25. Let l = c - o. What are the prime factors of l?
2, 3
Let r(u) = -u**3 + 11*u**2 - 4*u + 13. Let v be r(8). Suppose 639*h - v = 638*h. What are the prime factors of h?
173
Let q(g) = 330*g - 157. Let m be ((-2)/6)/(1/(-9)). List the prime factors of q(m).
7, 17
Suppose 0*y + 3*y - 36 = 4*v, -2*v - y - 8 = 0. List the prime factors of (41/4)/((-4)/576*v).
2, 3, 41
What are the prime factors of (14/4)/(28/36664)?
4583
Let o = 127440 - 61146. What are the prime factors of o?
2, 3, 29, 127
Suppose 0 = 1111*l - 1107*l + 8. What are the prime factors of 0 - (2221/l - 4/(-8))?
2, 3, 5, 37
Suppose 3*g + j - 88 = 0, 3*j - 3 = -9. Let q be (-3)/(3/10*g/(-12)). Suppose -4*i + 2*i = -q. What are the prime factors of i?
2
Suppose -1407*t = -1403*t - 84468. What are the prime factors of t?
3, 7039
Let v = 8533 + 4253. What are the prime factors of v?
2, 3, 2131
Let v(i) = -5*i**3 + 10*i**2 + 14*i - 14. Let s(y) = 2*y**3 - 5*y**2 - 7*y + 7. Let o(f) = 9*s(f) + 4*v(f). List the prime factors of o(-5).
167
Suppose 177 = -3*w + g, -w - 33 = -4*g + 15. Let q = -69 - w. What are the prime factors of (-208)/6*q/4?
2, 3, 13
Suppose -5*a - y + 37015 = 4*y, -2*y + 29618 = 4*a. List the prime factors of a.
2, 7, 23
Let i(t) = t**3 + 11*t**2 - 12*t + 5. Let l be i(-12). Suppose -2043 = -l*c - 183. What are the prime factors of c?
2, 3, 31
Suppose -3*l - l = 0. Suppose l = -5*w - 0*w - 4*p + 3390, -2*p - 10 = 0. List the prime factors of w.
2, 11, 31
Suppose -5*x + 4 = -4*c, -c - 19 = -4*x - 7. Suppose -c*o + 5*h + 3398 = 0, -h + 8 = 3*h. Suppose -o = -3*w - 3*w. List the prime factors of w.
2, 71
Let d(s) = 8*s**3 + 5*s**2 - 2*s - 11. Let q be d(-3). Let k = -106 - q. List the prime factors of k.
2, 5, 7
Let h = 352 - -260. Let o = h + 139. List the prime factors of o.
751
Suppose 546*c - 15302077 = 36695092 - 13437011. What are the prime factors of c?
3, 7, 19, 59
Let k(g) = 5*g + 1. Let j(h) = 2*h + 20. Let u be j(-6). Let z = u - 7. What are the prime factors of k(z)?
2, 3
Suppose 0 = 2*w + 2*v - 16, 0 = 2*v - 7 + 1. Suppose -3*k = -2*k, 3*k = w*p - 60. Suppose 5*d - 268 = p. What are the prime factors of d?
2, 7
Let q be -3 - -5 - 18/2. Let h(u) = -31*u + 7. Let c(p) = 94*p - 20. Let a(n) = q*h(n) - 2*c(n). List the prime factors of a(4).
107
Let l(j) = 628*j**2 + 191*j + 987. What are the prime factors of l(-5)?
2, 3, 19, 23
Let j(f) = 151*f - 12. Let s(w) = 75*w - 6. Let h(a) = -6*j(a) + 13*s(a). Let m be h(1). What are the prime factors of (-451)/(-4) - m/84?
2, 7
Let h(w) = 15 - 17*w + 4*w + 25*w + 26*w. What are the prime factors of h(11)?
433
Let w(j) = 3*j**2 + 3*j + 1. Let z be w(5). Suppose 0 = -92*i + z*i + 113. What are 